{"id":14050,"date":"2024-01-10T09:04:15","date_gmt":"2024-01-10T09:04:15","guid":{"rendered":"https:\/\/arsrackcabinet.com\/?post_type=product&#038;p=14050"},"modified":"2024-01-10T09:05:35","modified_gmt":"2024-01-10T09:05:35","slug":"20u-600x450-duvar-tipi-kabinet","status":"publish","type":"product","link":"https:\/\/arsrackcabinet.com\/?product=20u-600x450-duvar-tipi-kabinet","title":{"rendered":"20U 600&#215;450 Duvar Tipi Kabinet"},"content":{"rendered":"\t\t<div data-elementor-type=\"wp-post\" data-elementor-id=\"14050\" class=\"elementor elementor-14050\" data-elementor-post-type=\"product\">\n\t\t\t\t\t\t<section class=\"elementor-section elementor-top-section elementor-element elementor-element-df49968 elementor-section-boxed elementor-section-height-default elementor-section-height-default wd-section-disabled\" data-id=\"df49968\" data-element_type=\"section\">\n\t\t\t\t\t\t<div class=\"elementor-container elementor-column-gap-default\">\n\t\t\t\t\t<div class=\"elementor-column elementor-col-50 elementor-top-column elementor-element elementor-element-66f860d\" data-id=\"66f860d\" data-element_type=\"column\">\n\t\t\t<div class=\"elementor-widget-wrap elementor-element-populated\">\n\t\t\t\t\t\t<div class=\"elementor-element elementor-element-2a51f7c elementor-widget elementor-widget-wd_text_block\" data-id=\"2a51f7c\" data-element_type=\"widget\" data-widget_type=\"wd_text_block.default\">\n\t\t\t\t<div class=\"elementor-widget-container\">\n\t\t\t\t\t\t\t\t<link rel=\"stylesheet\" id=\"wd-text-block-css\" href=\"https:\/\/arsrackcabinet.com\/wp-content\/themes\/woodmart\/css\/parts\/el-text-block.min.css?ver=7.0.3\" type=\"text\/css\" media=\"all\" \/> \t\t\t\t\t<div class=\"wd-text-block reset-last-child text-left\">\n\t\t\t\n\t\t\t<ul><li>Duvar tipi ve yer tipi olarak kullan\u0131labilir.<\/li><li>19\" standartlar\u0131nda her t\u00fcrl\u00fc cihaz ba\u011flan\u0131labilir.<\/li><li>1'li ve 2'li fan tak\u0131labilir.<\/li><li>4mm kal\u0131nl\u0131\u011f\u0131nda darbeye kar\u015f\u0131 dayan\u0131kl\u0131 temperli \u00f6n muhafaza cam\u0131.<\/li><li>Metal \u00e7er\u00e7eve i\u00e7inde korumal\u0131 180\u00b0 a\u00e7\u0131labilen kilitli \u00f6n kap\u0131.<\/li><li>\u0130stenilen\u00a0 aral\u0131kta ayarlanabilir 2mm kal\u0131nl\u0131\u011f\u0131nda \u00f6n-arka cihaz dikmeleri.<\/li><li>1.2 mm - 1.5 mm sa\u00e7 kal\u0131nl\u0131\u011f\u0131.<\/li><li>Alt \u00dcst \u015fasede 145 x 60 mm f\u0131r\u00e7al\u0131 kablo giri\u015f yuvas\u0131.<\/li><li>5 y\u0131l garantili elektrostatik toz boya<\/li><li>Kolay s\u00f6k\u00fcl\u00fcp tak\u0131l\u0131r demonte sisteme uygun \u00fcretim.<\/li><\/ul><p>\u00a0<\/p>\n\t\t\t\t\t<\/div>\n\t\t\t\t\t\t<\/div>\n\t\t\t\t<\/div>\n\t\t\t\t\t<\/div>\n\t\t<\/div>\n\t\t\t\t<div class=\"elementor-column elementor-col-50 elementor-top-column elementor-element elementor-element-4648fa5\" data-id=\"4648fa5\" data-element_type=\"column\">\n\t\t\t<div class=\"elementor-widget-wrap elementor-element-populated\">\n\t\t\t\t\t\t<div class=\"elementor-element elementor-element-cbf6f59 elementor-widget elementor-widget-image\" data-id=\"cbf6f59\" data-element_type=\"widget\" data-widget_type=\"image.default\">\n\t\t\t\t<div class=\"elementor-widget-container\">\n\t\t\t\t\t\t\t\t\t\t\t\t\t\t\t<img fetchpriority=\"high\" decoding=\"async\" width=\"792\" height=\"778\" src=\"https:\/\/i0.wp.com\/arsrackcabinet.com\/wp-content\/uploads\/2021\/08\/soho.png?fit=792%2C778&amp;ssl=1\" class=\"attachment-full size-full wp-image-13942\" alt=\"\" srcset=\"https:\/\/i0.wp.com\/arsrackcabinet.com\/wp-content\/uploads\/2021\/08\/soho.png?w=792&amp;ssl=1 792w, https:\/\/i0.wp.com\/arsrackcabinet.com\/wp-content\/uploads\/2021\/08\/soho.png?resize=430%2C422&amp;ssl=1 430w, https:\/\/i0.wp.com\/arsrackcabinet.com\/wp-content\/uploads\/2021\/08\/soho.png?resize=150%2C147&amp;ssl=1 150w, https:\/\/i0.wp.com\/arsrackcabinet.com\/wp-content\/uploads\/2021\/08\/soho.png?resize=700%2C688&amp;ssl=1 700w, https:\/\/i0.wp.com\/arsrackcabinet.com\/wp-content\/uploads\/2021\/08\/soho.png?resize=305%2C300&amp;ssl=1 305w, https:\/\/i0.wp.com\/arsrackcabinet.com\/wp-content\/uploads\/2021\/08\/soho.png?resize=768%2C754&amp;ssl=1 768w\" sizes=\"(max-width: 792px) 100vw, 792px\" \/>\t\t\t\t\t\t\t\t\t\t\t\t\t\t\t<\/div>\n\t\t\t\t<\/div>\n\t\t\t\t\t<\/div>\n\t\t<\/div>\n\t\t\t\t\t<\/div>\n\t\t<\/section>\n\t\t\t\t<\/div>\n\t\t","protected":false},"excerpt":{"rendered":"<p>ARS SOHO Serisi duvar tipi kabinetler a\u011f da\u011f\u0131t\u0131m s\u00fcre\u00e7lerinde etkin bir maliyetle h\u0131zl\u0131 kurum gereksinimleri i\u00e7in tasarlanm\u0131\u015ft\u0131r.<\/p>\n","protected":false},"featured_media":14051,"comment_status":"open","ping_status":"closed","template":"","meta":{"advanced_seo_description":"","jetpack_seo_html_title":"","jetpack_seo_noindex":false},"product_brand":[],"product_cat":[75,42],"product_tag":[112,98,104,88,118,114,108,107,91,95,111,92,97,87,102,105,100,90,93,109,119,115,117,89,113,116,106,96,110,101,103,86,99,94],"class_list":{"0":"post-14050","1":"product","2":"type-product","3":"status-publish","4":"has-post-thumbnail","6":"product_cat-600x450-duvar-tipi-kabinetler","7":"product_cat-lighting","8":"product_tag-advantages-of-rack-mounting-solutions","9":"product_tag-ev-ofisi-ag-cozumleri","10":"product_tag-ev-ofisi-network-ekipmanlari","11":"product_tag-ev-ofisi-server-kabinetleri","12":"product_tag-home-office-network-equipment","13":"product_tag-home-office-network-storage-solutions","14":"product_tag-home-office-rack-mounting-cabinets","15":"product_tag-modular-soho-rack-solutions","16":"product_tag-moduler-soho-tip-kabinler","17":"product_tag-network-ekipman-rack-tasarimlari","18":"product_tag-network-storage-solutions","19":"product_tag-ofis-agi-depolama-cozumleri","20":"product_tag-rack-depolama-cozumleri-fiyatlari","21":"product_tag-rack-montaj-cozumleri","22":"product_tag-rack-montaj-cozumleri-avantajlari","23":"product_tag-rack-montaj-cozumleri-incelemeleri","24":"product_tag-rack-montaj-ekipman-depolama-cozumleri","25":"product_tag-rack-montaj-ekipmanlari","26":"product_tag-rack-montaj-kabinet-fiyatlari","27":"product_tag-rack-mounting-equipment-prices","28":"product_tag-rack-mounting-equipment-storage-solutions","29":"product_tag-rack-mounting-product-reviews","30":"product_tag-rack-mounting-solutions-prices","31":"product_tag-soho-ag-depolama-sistemleri","32":"product_tag-soho-cabinet-designs","33":"product_tag-soho-cabinet-systems","34":"product_tag-soho-rack-cabinet","35":"product_tag-soho-rack-montaj-urunleri","36":"product_tag-soho-server-cabinets","37":"product_tag-soho-tip-kabin-sistemleri","38":"product_tag-soho-tip-kabinet-tasarimlari","39":"product_tag-soho-tip-rack-kabin-modelleri","40":"product_tag-soho-tip-sunucu-kabinetleri","41":"product_tag-soho-tip-veri-merkezi-kabinetleri","43":"first","44":"instock","45":"taxable","46":"shipping-taxable","47":"product-type-grouped"},"jetpack_sharing_enabled":true,"_links":{"self":[{"href":"https:\/\/arsrackcabinet.com\/index.php?rest_route=\/wp\/v2\/product\/14050","targetHints":{"allow":["GET"]}}],"collection":[{"href":"https:\/\/arsrackcabinet.com\/index.php?rest_route=\/wp\/v2\/product"}],"about":[{"href":"https:\/\/arsrackcabinet.com\/index.php?rest_route=\/wp\/v2\/types\/product"}],"replies":[{"embeddable":true,"href":"https:\/\/arsrackcabinet.com\/index.php?rest_route=%2Fwp%2Fv2%2Fcomments&post=14050"}],"version-history":[{"count":1,"href":"https:\/\/arsrackcabinet.com\/index.php?rest_route=\/wp\/v2\/product\/14050\/revisions"}],"predecessor-version":[{"id":14052,"href":"https:\/\/arsrackcabinet.com\/index.php?rest_route=\/wp\/v2\/product\/14050\/revisions\/14052"}],"wp:featuredmedia":[{"embeddable":true,"href":"https:\/\/arsrackcabinet.com\/index.php?rest_route=\/wp\/v2\/media\/14051"}],"wp:attachment":[{"href":"https:\/\/arsrackcabinet.com\/index.php?rest_route=%2Fwp%2Fv2%2Fmedia&parent=14050"}],"wp:term":[{"taxonomy":"product_brand","embeddable":true,"href":"https:\/\/arsrackcabinet.com\/index.php?rest_route=%2Fwp%2Fv2%2Fproduct_brand&post=14050"},{"taxonomy":"product_cat","embeddable":true,"href":"https:\/\/arsrackcabinet.com\/index.php?rest_route=%2Fwp%2Fv2%2Fproduct_cat&post=14050"},{"taxonomy":"product_tag","embeddable":true,"href":"https:\/\/arsrackcabinet.com\/index.php?rest_route=%2Fwp%2Fv2%2Fproduct_tag&post=14050"}],"curies":[{"name":"wp","href":"https:\/\/api.w.org\/{rel}","templated":true}]}}